{"id":80,"date":"2013-09-30T16:55:25","date_gmt":"2013-09-30T16:55:25","guid":{"rendered":"http:\/\/villarrobledo.gestagua.es\/?page_id=80"},"modified":"2013-11-06T20:22:46","modified_gmt":"2013-11-06T19:22:46","slug":"clientes","status":"publish","type":"page","link":"https:\/\/fuengirola.gestagua.es\/index.php\/clientes\/","title":{"rendered":"Clientes"},"content":{"rendered":"<div class=\"theme-three-fourth\"> Gestagua &#8211; Fuengirola entiende que su compromiso con los clientes gira en torno a la calidad y responsabilidad de los servicios que ofrece, as\u00ed como a su capacidad de garantizar el suministro, satisfaciendo sus necesidades y expectativas.<\/p>\n<ul>\n<li class=\"lista1\">Mantenemos una voluntad clara de evolucionar con las necesidades de nuestros clientes.<\/li>\n<li class=\"lista1\">Realizamos estudios y detectamos \u00e1reas de mejora para proporcionar calidad en nuestras instalaciones y servicios.<\/li>\n<li class=\"lista1\">Nuestro servicio responde a las exigencias m\u00e1s altas en materia de calidad de agua y protecci\u00f3n del medio ambiente, dot\u00e1ndolo de procesos, procedimientos y herramientas necesarias para conseguir en todo momento un servicio \u00e1gil y eficiente.<\/li>\n<li class=\"lista1\">La excelencia en la atenci\u00f3n al cliente es nuestro objetivo primordial.<\/li>\n<li class=\"lista1\">Nuestras l\u00edneas de actuaci\u00f3n basadas en la uniformidad de criterios, hacen que nuestros empleados den una respuesta de calidad al cliente y lo m\u00e1s coherente posible.<\/li>\n<li class=\"lista1\">Atenci\u00f3n completamente personalizada a nuestros clientes poniendo a su disposici\u00f3n el uso de diversas v\u00edas de atenci\u00f3n, en funci\u00f3n de las preferencias y h\u00e1bitos personales de los ciudadanos, para atender, tramitar y resolver todas las gestiones relacionadas con el servicio.<\/li>\n<\/ul>\n\r\n    <div class=\"blockquote-container-center\">\r\n        <div class=\"blockquote blockquote-classic\">\r\n            <p>\u201cLa especializaci\u00f3n y capacitaci\u00f3n en la gesti\u00f3n de los servicios que prestamos, nos garantiza alcanzar la plena satisfacci\u00f3n del cliente, prestando un servicio de calidad al ciudadano\u201d<\/p>\r\n            \r\n        <\/div>\r\n    <\/div> <\/div> <a href=\"http:\/\/fuengirola.gestagua.es\/wp-content\/uploads\/2013\/09\/Clientes.jpg\"><img class=\" wp-image-993 alignright\" alt=\"Clientes\" src=\"http:\/\/fuengirola.gestagua.es\/wp-content\/uploads\/2013\/09\/Clientes-199x300.jpg\" \/><\/a><\/p>\n","protected":false},"excerpt":{"rendered":"","protected":false},"author":2,"featured_media":0,"parent":0,"menu_order":0,"comment_status":"open","ping_status":"closed","template":"","meta":[],"_links":{"self":[{"href":"https:\/\/fuengirola.gestagua.es\/index.php\/wp-json\/wp\/v2\/pages\/80"}],"collection":[{"href":"https:\/\/fuengirola.gestagua.es\/index.php\/wp-json\/wp\/v2\/pages"}],"about":[{"href":"https:\/\/fuengirola.gestagua.es\/index.php\/wp-json\/wp\/v2\/types\/page"}],"author":[{"embeddable":true,"href":"https:\/\/fuengirola.gestagua.es\/index.php\/wp-json\/wp\/v2\/users\/2"}],"replies":[{"embeddable":true,"href":"https:\/\/fuengirola.gestagua.es\/index.php\/wp-json\/wp\/v2\/comments?post=80"}],"version-history":[{"count":5,"href":"https:\/\/fuengirola.gestagua.es\/index.php\/wp-json\/wp\/v2\/pages\/80\/revisions"}],"predecessor-version":[{"id":268,"href":"https:\/\/fuengirola.gestagua.es\/index.php\/wp-json\/wp\/v2\/pages\/80\/revisions\/268"}],"wp:attachment":[{"href":"https:\/\/fuengirola.gestagua.es\/index.php\/wp-json\/wp\/v2\/media?parent=80"}],"curies":[{"name":"wp","href":"https:\/\/api.w.org\/{rel}","templated":true}]}}